{"id":3073,"date":"2021-10-19T10:00:57","date_gmt":"2021-10-19T10:00:57","guid":{"rendered":"http:\/\/hevitex.fi\/?page_id=3073"},"modified":"2021-10-19T10:22:42","modified_gmt":"2021-10-19T10:22:42","slug":"yksityisyyskaytanto","status":"publish","type":"page","link":"https:\/\/hevitex.fi\/?page_id=3073","title":{"rendered":"Yksityisyysk\u00e4yt\u00e4nt\u00f6"},"content":{"rendered":"\t\t<div data-elementor-type=\"wp-page\" data-elementor-id=\"3073\" class=\"elementor elementor-3073\" data-elementor-post-type=\"page\">\n\t\t\t\t\t\t<section class=\"elementor-section elementor-top-section elementor-element elementor-element-24f0a9b elementor-section-boxed elementor-section-height-default elementor-section-height-default\" data-id=\"24f0a9b\" data-element_type=\"section\" data-e-type=\"section\">\n\t\t\t\t\t\t<div class=\"elementor-container elementor-column-gap-default\">\n\t\t\t\t\t<div class=\"elementor-column elementor-col-100 elementor-top-column elementor-element elementor-element-53970e9\" data-id=\"53970e9\" data-element_type=\"column\" data-e-type=\"column\">\n\t\t\t<div class=\"elementor-widget-wrap\">\n\t\t\t\t\t\t\t<\/div>\n\t\t<\/div>\n\t\t\t\t\t<\/div>\n\t\t<\/section>\n\t\t\t\t<section class=\"elementor-section elementor-top-section elementor-element elementor-element-05a41ae elementor-section-boxed elementor-section-height-default elementor-section-height-default\" data-id=\"05a41ae\" data-element_type=\"section\" data-e-type=\"section\">\n\t\t\t\t\t\t<div class=\"elementor-container elementor-column-gap-default\">\n\t\t\t\t\t<div class=\"elementor-column elementor-col-100 elementor-top-column elementor-element elementor-element-3db19ad\" data-id=\"3db19ad\" data-element_type=\"column\" data-e-type=\"column\">\n\t\t\t<div class=\"elementor-widget-wrap elementor-element-populated\">\n\t\t\t\t\t\t<div class=\"elementor-element elementor-element-8683017 elementor-widget elementor-widget-heading\" data-id=\"8683017\" data-element_type=\"widget\" data-e-type=\"widget\" data-widget_type=\"heading.default\">\n\t\t\t\t<div class=\"elementor-widget-container\">\n\t\t\t\t\t<h2 class=\"elementor-heading-title elementor-size-default\">Yksityisyysk\u00e4yt\u00e4nt\u00f6<\/h2>\t\t\t\t<\/div>\n\t\t\t\t<\/div>\n\t\t\t\t\t<\/div>\n\t\t<\/div>\n\t\t\t\t\t<\/div>\n\t\t<\/section>\n\t\t\t\t<section class=\"elementor-section elementor-top-section elementor-element elementor-element-80745a7 elementor-section-boxed elementor-section-height-default elementor-section-height-default\" data-id=\"80745a7\" data-element_type=\"section\" data-e-type=\"section\">\n\t\t\t\t\t\t<div class=\"elementor-container elementor-column-gap-default\">\n\t\t\t\t\t<div class=\"elementor-column elementor-col-100 elementor-top-column elementor-element elementor-element-1c85463\" data-id=\"1c85463\" data-element_type=\"column\" data-e-type=\"column\">\n\t\t\t<div class=\"elementor-widget-wrap elementor-element-populated\">\n\t\t\t\t\t\t<div class=\"elementor-element elementor-element-5d2f378 elementor-widget elementor-widget-text-editor\" data-id=\"5d2f378\" data-element_type=\"widget\" data-e-type=\"widget\" data-widget_type=\"text-editor.default\">\n\t\t\t\t<div class=\"elementor-widget-container\">\n\t\t\t\t\t\t\t\t\t<p><strong style=\"font-style: inherit; background-color: var(--ast-global-color-4); color: var(--ast-global-color-3);\"><br \/>REKISTERISELOSTE<\/strong><\/p><ol><li>Rekisterinpit\u00e4j\u00e4<br \/>Hevitex Oy<br \/>PL 1165<br \/>00101 HELSINKI<br \/>Y-tunnus: 0910006-7<br \/>Puh: 050-338 9595<\/li><li>Rekisteriasiat<br \/>Asiakaspalvelumme vastaa rekisteri\u00e4 koskeviin kysymyksiin ja palautteisiin mahdollisimman nopeasti.<\/li><li>Rekisterin nimi<br \/>Hevitex Oy:n asiakas-, markkinointi- ja ajankohtaiskirjeen tilanneiden rekisteri.<\/li><li>Henkil\u00f6tietojen k\u00e4sittelyn tarkoitus<br \/>K\u00e4sittelyn tarkoituksena on asiakassuhteen hoitaminen, asiakkaan ja rekisterinpit\u00e4j\u00e4n oikeuksien ja velvollisuuksien toteuttaminen sek\u00e4 henkil\u00f6tietolain mukainen henkil\u00f6tietojen k\u00e4sittely\u00a0<br \/>verkkopalveluihin liittyviin tarkoituksiin, tutkimustoimintaan, rekisterinpit\u00e4j\u00e4n ja\/tai sen yhteisty\u00f6kumppaneiden mainonnan ja\/tai suoramarkkinoinnin suuntaaminen asiakastietojen\u00a0<br \/>perusteella rekisterinpit\u00e4j\u00e4n viestimien ja palvelujen kautta luovuttamatta henkil\u00f6tietoja ulkopuoliselle taholle.<\/li><li>Rekisterin tietosis\u00e4lt\u00f6<br \/>Rekisteri voi sis\u00e4lt\u00e4\u00e4 seuraavia tietoja asiakkaista:<br \/>\u00b7 Nimi<br \/>\u00b7 S\u00e4hk\u00f6postiosoite<br \/>\u00b7 Matka- ja\/tai muu puhelinnumero<br \/>\u00b7 Organisaatio ja asema<br \/>\u00b7 Organisaation osoitetiedot<br \/>\u00b7 Yhteysloki<\/li><li>Rekisterin s\u00e4\u00e4nn\u00f6nmukaiset tietol\u00e4hteet<br \/>Rekisteri koostetaan rekisterinpit\u00e4j\u00e4n asiakastietoj\u00e4rjestelm\u00e4st\u00e4, yleisesti saatavilla olevista internetl\u00e4hteist\u00e4, sek\u00e4 mahdollisista muista julkisista l\u00e4hteist\u00e4. P\u00e4\u00e4s\u00e4\u00e4nt\u00f6isesti osoitel\u00e4hteet on eritelty mik\u00e4li ne ovat muita kuin ensiksi mainittuja.<\/li><li>S\u00e4\u00e4nn\u00f6nmukaiset tietojen luovutukset<br \/>Rekisterinpit\u00e4j\u00e4 ei luovuta asiakkaiden henkil\u00f6tietoja ulkopuolisille, paitsi Suomen viranomaistoimien niin edellytt\u00e4ess\u00e4.<\/li><li>Tietojen poistaminen<br \/>Tietoja voidaan poistaa henkil\u00f6n vaatimuksesta tai asiakassuhteen loppumisen vuoksi.<\/li><li>Rekisterin suojauksen periaatteet<br \/>Henkil\u00f6tiedot s\u00e4ilytet\u00e4\u00e4n luottamuksellisina. Rekisterinpit\u00e4j\u00e4n ja sen mahdollisten tietotekniikkakumppanien tietoverkko ja laitteisto, jolla rekisteri sijaitsee, on suojattu palomuurilla ja muilla tarvittavilla teknisill\u00e4 toimenpiteill\u00e4.<\/li><\/ol><p><a href=\"http:\/\/hevitex.fi.klient.veebimajutus.ee\/wp-admin\/post.php?post=3&amp;action=edit\">Muokata<\/a><\/p>\t\t\t\t\t\t\t\t<\/div>\n\t\t\t\t<\/div>\n\t\t\t\t\t<\/div>\n\t\t<\/div>\n\t\t\t\t\t<\/div>\n\t\t<\/section>\n\t\t\t\t<section class=\"elementor-section elementor-top-section elementor-element elementor-element-c928111 elementor-section-boxed elementor-section-height-default elementor-section-height-default\" data-id=\"c928111\" data-element_type=\"section\" data-e-type=\"section\">\n\t\t\t\t\t\t<div class=\"elementor-container elementor-column-gap-default\">\n\t\t\t\t\t<div class=\"elementor-column elementor-col-100 elementor-top-column elementor-element elementor-element-5107a38\" data-id=\"5107a38\" data-element_type=\"column\" data-e-type=\"column\">\n\t\t\t<div class=\"elementor-widget-wrap\">\n\t\t\t\t\t\t\t<\/div>\n\t\t<\/div>\n\t\t\t\t\t<\/div>\n\t\t<\/section>\n\t\t\t\t<\/div>\n\t\t","protected":false},"excerpt":{"rendered":"<p>Yksityisyysk\u00e4yt\u00e4nt\u00f6 REKISTERISELOSTE Rekisterinpit\u00e4j\u00e4Hevitex OyPL 116500101 HELSINKIY-tunnus: 0910006-7Puh: 050-338 9595 RekisteriasiatAsiakaspalvelumme vastaa rekisteri\u00e4 koskeviin kysymyksiin ja palautteisiin mahdollisimman nopeasti. Rekisterin nimiHevitex Oy:n asiakas-, markkinointi- ja ajankohtaiskirjeen tilanneiden rekisteri. Henkil\u00f6tietojen k\u00e4sittelyn tarkoitusK\u00e4sittelyn tarkoituksena on asiakassuhteen hoitaminen, asiakkaan ja rekisterinpit\u00e4j\u00e4n oikeuksien ja velvollisuuksien &hellip;<\/p>\n<p class=\"read-more\"> <a class=\"more-link\" href=\"https:\/\/hevitex.fi\/?page_id=3073\"> <span class=\"screen-reader-text\">Yksityisyysk\u00e4yt\u00e4nt\u00f6<\/span> Lue lis\u00e4\u00e4 &raquo;<\/a><\/p>\n","protected":false},"author":1,"featured_media":0,"parent":0,"menu_order":0,"comment_status":"closed","ping_status":"closed","template":"elementor_header_footer","meta":{"_acf_changed":false,"footnotes":""},"class_list":["post-3073","page","type-page","status-publish","hentry"],"acf":[],"yoast_head":"<!-- This site is optimized with the Yoast SEO plugin v27.4 - https:\/\/yoast.com\/product\/yoast-seo-wordpress\/ -->\n<title>Yksityisyysk\u00e4yt\u00e4nt\u00f6 - Hevitex Oy<\/title>\n<meta name=\"robots\" content=\"index, follow, max-snippet:-1, max-image-preview:large, max-video-preview:-1\" \/>\n<link rel=\"canonical\" href=\"https:\/\/www.hevitex.fi\/?page_id=3073\" \/>\n<meta property=\"og:locale\" content=\"fi_FI\" \/>\n<meta property=\"og:type\" content=\"article\" \/>\n<meta property=\"og:title\" content=\"Yksityisyysk\u00e4yt\u00e4nt\u00f6 - Hevitex Oy\" \/>\n<meta property=\"og:description\" content=\"Yksityisyysk\u00e4yt\u00e4nt\u00f6 REKISTERISELOSTE Rekisterinpit\u00e4j\u00e4Hevitex OyPL 116500101 HELSINKIY-tunnus: 0910006-7Puh: 050-338 9595 RekisteriasiatAsiakaspalvelumme vastaa rekisteri\u00e4 koskeviin kysymyksiin ja palautteisiin mahdollisimman nopeasti. Rekisterin nimiHevitex Oy:n asiakas-, markkinointi- ja ajankohtaiskirjeen tilanneiden rekisteri. Henkil\u00f6tietojen k\u00e4sittelyn tarkoitusK\u00e4sittelyn tarkoituksena on asiakassuhteen hoitaminen, asiakkaan ja rekisterinpit\u00e4j\u00e4n oikeuksien ja velvollisuuksien &hellip; Yksityisyysk\u00e4yt\u00e4nt\u00f6 Lue lis\u00e4\u00e4 &raquo;\" \/>\n<meta property=\"og:url\" content=\"https:\/\/www.hevitex.fi\/?page_id=3073\" \/>\n<meta property=\"og:site_name\" content=\"Hevitex Oy\" \/>\n<meta property=\"article:modified_time\" content=\"2021-10-19T10:22:42+00:00\" \/>\n<meta name=\"twitter:card\" content=\"summary_large_image\" \/>\n<meta name=\"twitter:label1\" content=\"Arvioitu lukuaika\" \/>\n\t<meta name=\"twitter:data1\" content=\"1 minuutti\" \/>\n<script type=\"application\/ld+json\" class=\"yoast-schema-graph\">{\"@context\":\"https:\\\/\\\/schema.org\",\"@graph\":[{\"@type\":\"WebPage\",\"@id\":\"https:\\\/\\\/www.hevitex.fi\\\/?page_id=3073\",\"url\":\"https:\\\/\\\/www.hevitex.fi\\\/?page_id=3073\",\"name\":\"Yksityisyysk\u00e4yt\u00e4nt\u00f6 - Hevitex Oy\",\"isPartOf\":{\"@id\":\"https:\\\/\\\/hevitex.fi\\\/#website\"},\"datePublished\":\"2021-10-19T10:00:57+00:00\",\"dateModified\":\"2021-10-19T10:22:42+00:00\",\"breadcrumb\":{\"@id\":\"https:\\\/\\\/www.hevitex.fi\\\/?page_id=3073#breadcrumb\"},\"inLanguage\":\"fi\",\"potentialAction\":[{\"@type\":\"ReadAction\",\"target\":[\"https:\\\/\\\/www.hevitex.fi\\\/?page_id=3073\"]}]},{\"@type\":\"BreadcrumbList\",\"@id\":\"https:\\\/\\\/www.hevitex.fi\\\/?page_id=3073#breadcrumb\",\"itemListElement\":[{\"@type\":\"ListItem\",\"position\":1,\"name\":\"Home\",\"item\":\"https:\\\/\\\/hevitex.fi\\\/\"},{\"@type\":\"ListItem\",\"position\":2,\"name\":\"Yksityisyysk\u00e4yt\u00e4nt\u00f6\"}]},{\"@type\":\"WebSite\",\"@id\":\"https:\\\/\\\/hevitex.fi\\\/#website\",\"url\":\"https:\\\/\\\/hevitex.fi\\\/\",\"name\":\"Hevitex Oy\",\"description\":\"Mainos -ja liikelahjat\",\"publisher\":{\"@id\":\"https:\\\/\\\/hevitex.fi\\\/#organization\"},\"potentialAction\":[{\"@type\":\"SearchAction\",\"target\":{\"@type\":\"EntryPoint\",\"urlTemplate\":\"https:\\\/\\\/hevitex.fi\\\/?s={search_term_string}\"},\"query-input\":{\"@type\":\"PropertyValueSpecification\",\"valueRequired\":true,\"valueName\":\"search_term_string\"}}],\"inLanguage\":\"fi\"},{\"@type\":\"Organization\",\"@id\":\"https:\\\/\\\/hevitex.fi\\\/#organization\",\"name\":\"Hevitex Oy\",\"url\":\"https:\\\/\\\/hevitex.fi\\\/\",\"logo\":{\"@type\":\"ImageObject\",\"inLanguage\":\"fi\",\"@id\":\"https:\\\/\\\/hevitex.fi\\\/#\\\/schema\\\/logo\\\/image\\\/\",\"url\":\"https:\\\/\\\/hevitex.fi\\\/wp-content\\\/uploads\\\/2020\\\/02\\\/Hevitex_logo_5.10.2021-1-e1634214465393.jpg\",\"contentUrl\":\"https:\\\/\\\/hevitex.fi\\\/wp-content\\\/uploads\\\/2020\\\/02\\\/Hevitex_logo_5.10.2021-1-e1634214465393.jpg\",\"width\":70,\"height\":70,\"caption\":\"Hevitex Oy\"},\"image\":{\"@id\":\"https:\\\/\\\/hevitex.fi\\\/#\\\/schema\\\/logo\\\/image\\\/\"}}]}<\/script>\n<!-- \/ Yoast SEO plugin. -->","yoast_head_json":{"title":"Yksityisyysk\u00e4yt\u00e4nt\u00f6 - Hevitex Oy","robots":{"index":"index","follow":"follow","max-snippet":"max-snippet:-1","max-image-preview":"max-image-preview:large","max-video-preview":"max-video-preview:-1"},"canonical":"https:\/\/www.hevitex.fi\/?page_id=3073","og_locale":"fi_FI","og_type":"article","og_title":"Yksityisyysk\u00e4yt\u00e4nt\u00f6 - Hevitex Oy","og_description":"Yksityisyysk\u00e4yt\u00e4nt\u00f6 REKISTERISELOSTE Rekisterinpit\u00e4j\u00e4Hevitex OyPL 116500101 HELSINKIY-tunnus: 0910006-7Puh: 050-338 9595 RekisteriasiatAsiakaspalvelumme vastaa rekisteri\u00e4 koskeviin kysymyksiin ja palautteisiin mahdollisimman nopeasti. Rekisterin nimiHevitex Oy:n asiakas-, markkinointi- ja ajankohtaiskirjeen tilanneiden rekisteri. Henkil\u00f6tietojen k\u00e4sittelyn tarkoitusK\u00e4sittelyn tarkoituksena on asiakassuhteen hoitaminen, asiakkaan ja rekisterinpit\u00e4j\u00e4n oikeuksien ja velvollisuuksien &hellip; Yksityisyysk\u00e4yt\u00e4nt\u00f6 Lue lis\u00e4\u00e4 &raquo;","og_url":"https:\/\/www.hevitex.fi\/?page_id=3073","og_site_name":"Hevitex Oy","article_modified_time":"2021-10-19T10:22:42+00:00","twitter_card":"summary_large_image","twitter_misc":{"Arvioitu lukuaika":"1 minuutti"},"schema":{"@context":"https:\/\/schema.org","@graph":[{"@type":"WebPage","@id":"https:\/\/www.hevitex.fi\/?page_id=3073","url":"https:\/\/www.hevitex.fi\/?page_id=3073","name":"Yksityisyysk\u00e4yt\u00e4nt\u00f6 - Hevitex Oy","isPartOf":{"@id":"https:\/\/hevitex.fi\/#website"},"datePublished":"2021-10-19T10:00:57+00:00","dateModified":"2021-10-19T10:22:42+00:00","breadcrumb":{"@id":"https:\/\/www.hevitex.fi\/?page_id=3073#breadcrumb"},"inLanguage":"fi","potentialAction":[{"@type":"ReadAction","target":["https:\/\/www.hevitex.fi\/?page_id=3073"]}]},{"@type":"BreadcrumbList","@id":"https:\/\/www.hevitex.fi\/?page_id=3073#breadcrumb","itemListElement":[{"@type":"ListItem","position":1,"name":"Home","item":"https:\/\/hevitex.fi\/"},{"@type":"ListItem","position":2,"name":"Yksityisyysk\u00e4yt\u00e4nt\u00f6"}]},{"@type":"WebSite","@id":"https:\/\/hevitex.fi\/#website","url":"https:\/\/hevitex.fi\/","name":"Hevitex Oy","description":"Mainos -ja liikelahjat","publisher":{"@id":"https:\/\/hevitex.fi\/#organization"},"potentialAction":[{"@type":"SearchAction","target":{"@type":"EntryPoint","urlTemplate":"https:\/\/hevitex.fi\/?s={search_term_string}"},"query-input":{"@type":"PropertyValueSpecification","valueRequired":true,"valueName":"search_term_string"}}],"inLanguage":"fi"},{"@type":"Organization","@id":"https:\/\/hevitex.fi\/#organization","name":"Hevitex Oy","url":"https:\/\/hevitex.fi\/","logo":{"@type":"ImageObject","inLanguage":"fi","@id":"https:\/\/hevitex.fi\/#\/schema\/logo\/image\/","url":"https:\/\/hevitex.fi\/wp-content\/uploads\/2020\/02\/Hevitex_logo_5.10.2021-1-e1634214465393.jpg","contentUrl":"https:\/\/hevitex.fi\/wp-content\/uploads\/2020\/02\/Hevitex_logo_5.10.2021-1-e1634214465393.jpg","width":70,"height":70,"caption":"Hevitex Oy"},"image":{"@id":"https:\/\/hevitex.fi\/#\/schema\/logo\/image\/"}}]}},"_links":{"self":[{"href":"https:\/\/hevitex.fi\/index.php?rest_route=\/wp\/v2\/pages\/3073","targetHints":{"allow":["GET"]}}],"collection":[{"href":"https:\/\/hevitex.fi\/index.php?rest_route=\/wp\/v2\/pages"}],"about":[{"href":"https:\/\/hevitex.fi\/index.php?rest_route=\/wp\/v2\/types\/page"}],"author":[{"embeddable":true,"href":"https:\/\/hevitex.fi\/index.php?rest_route=\/wp\/v2\/users\/1"}],"replies":[{"embeddable":true,"href":"https:\/\/hevitex.fi\/index.php?rest_route=%2Fwp%2Fv2%2Fcomments&post=3073"}],"version-history":[{"count":5,"href":"https:\/\/hevitex.fi\/index.php?rest_route=\/wp\/v2\/pages\/3073\/revisions"}],"predecessor-version":[{"id":3082,"href":"https:\/\/hevitex.fi\/index.php?rest_route=\/wp\/v2\/pages\/3073\/revisions\/3082"}],"wp:attachment":[{"href":"https:\/\/hevitex.fi\/index.php?rest_route=%2Fwp%2Fv2%2Fmedia&parent=3073"}],"curies":[{"name":"wp","href":"https:\/\/api.w.org\/{rel}","templated":true}]}}